{"id":7823,"date":"2020-10-15T14:54:57","date_gmt":"2020-10-15T19:54:57","guid":{"rendered":"https:\/\/www.mercari.com.mx\/web\/?post_type=product&#038;p=7823"},"modified":"2025-01-22T16:30:25","modified_gmt":"2025-01-22T22:30:25","slug":"monotop-160-migrating-sika","status":"publish","type":"product","link":"https:\/\/www.mercari.com.mx\/web\/producto\/monotop-160-migrating-sika\/","title":{"rendered":"SikaMonotop 160 migrating \/ SIKA"},"content":{"rendered":"<p><span style=\"font-family: helvetica, arial, sans-serif;font-size: 10pt\">Impermeabilizaci\u00f3n y protecci\u00f3n por cristalizaci\u00f3n en estructuras hidr\u00e1ulicas, fosos de ascensor, tuber\u00edas de concreto, sometidas a presi\u00f3n positiva y presi\u00f3n negativa<\/span><\/p>\n<p><span style=\"font-size: 10pt\">Sistema mono componente, solo necesita la adici\u00f3n de agua.<\/span><br \/>\n<span style=\"font-size: 10pt\">\u2022 Producto de f\u00e1cil aplicaci\u00f3n con brocha con equipo de aspersi\u00f3n de baja presion (airless).<\/span><br \/>\n<span style=\"font-size: 10pt\">\u2022 Excelente adherencia al concreto y mortero<\/span><br \/>\n<span style=\"font-size: 10pt\">\u2022 Permeable al vapor de agua<\/span><br \/>\n<span style=\"font-size: 10pt\">\u2022 Aplicaci\u00f3n sobre concreto y reparaci\u00f3n de mortero<\/span><\/p>\n<p><span style=\"font-size: 10pt\">Este producto se vende en presentaci\u00f3n de:<\/span><\/p>\n<p><span style=\"font-size: 10pt\">Saco con 25 kgs <strong>$5,864.00<\/strong><\/span><\/p>\n<p><em><span style=\"font-family: helvetica, arial, sans-serif;font-size: 10pt\">precio incluye I.V.A. puesto bodega Sikacenter Tlalnepantla Edo. Mex., env\u00edos a cualquier punto del pa\u00eds \u2013 cargo adicional \u2013<\/span><\/em><\/p>\n","protected":false},"excerpt":{"rendered":"<p><strong>Mortero cementicio, mono componente, para impermeabilizaci\u00f3n de capilares por cristalizaci\u00f3n en estructuras de concreto o mortero.<\/strong><\/p>\n<ul>\n<li><span style=\"font-family: helvetica, arial, sans-serif;font-size: 10pt\">Resiste presi\u00f3n positiva y negativa.<\/span><\/li>\n<\/ul>\n","protected":false},"featured_media":8394,"comment_status":"open","ping_status":"closed","template":"","meta":[],"product_brand":[],"product_cat":[98,135,117],"product_tag":[122,99],"class_list":{"0":"post-7823","1":"product","2":"type-product","3":"status-publish","4":"has-post-thumbnail","6":"product_cat-impermeabilizantes","7":"product_cat-morteros-especiales","8":"product_cat-aglutinantes","9":"product_tag-concreto","10":"product_tag-sika","11":"product_shipping_class-flete-carga-consolidada-por-cobrar","13":"first","14":"instock","15":"shipping-taxable","16":"purchasable","17":"product-type-simple"},"_links":{"self":[{"href":"https:\/\/www.mercari.com.mx\/web\/wp-json\/wp\/v2\/product\/7823","targetHints":{"allow":["GET"]}}],"collection":[{"href":"https:\/\/www.mercari.com.mx\/web\/wp-json\/wp\/v2\/product"}],"about":[{"href":"https:\/\/www.mercari.com.mx\/web\/wp-json\/wp\/v2\/types\/product"}],"replies":[{"embeddable":true,"href":"https:\/\/www.mercari.com.mx\/web\/wp-json\/wp\/v2\/comments?post=7823"}],"wp:featuredmedia":[{"embeddable":true,"href":"https:\/\/www.mercari.com.mx\/web\/wp-json\/wp\/v2\/media\/8394"}],"wp:attachment":[{"href":"https:\/\/www.mercari.com.mx\/web\/wp-json\/wp\/v2\/media?parent=7823"}],"wp:term":[{"taxonomy":"product_brand","embeddable":true,"href":"https:\/\/www.mercari.com.mx\/web\/wp-json\/wp\/v2\/product_brand?post=7823"},{"taxonomy":"product_cat","embeddable":true,"href":"https:\/\/www.mercari.com.mx\/web\/wp-json\/wp\/v2\/product_cat?post=7823"},{"taxonomy":"product_tag","embeddable":true,"href":"https:\/\/www.mercari.com.mx\/web\/wp-json\/wp\/v2\/product_tag?post=7823"}],"curies":[{"name":"wp","href":"https:\/\/api.w.org\/{rel}","templated":true}]}}